{"id":275,"date":"2024-01-26T15:24:47","date_gmt":"2024-01-26T15:24:47","guid":{"rendered":"https:\/\/projekti.imi.hr\/humenhealth\/?page_id=275"},"modified":"2025-07-16T09:20:44","modified_gmt":"2025-07-16T09:20:44","slug":"about-us","status":"publish","type":"page","link":"https:\/\/projekti.imi.hr\/humenhealth\/en\/about-us\/","title":{"rendered":"About Us"},"content":{"rendered":"\n<p>The research will be conducted by a multidisciplinary team of scientists from the Institute for medical research and occupational health; Division of Occupational and Environmental Health, including:<\/p>\n\n\n\n<p><strong>1) Chemists and physicist with competencies in assessing environmental pollution and human exposure through the application of biological monitoring methods, development and application of analytical methods, and in silico research.<\/strong><br><a href=\"https:\/\/www.imi.hr\/en\/djelatnik\/jurasovic-jasna-2\/\">Jasna Jurasovi\u0107<\/a>, PhD, Chemist, Permanent Scientific Advisor<br><a href=\"https:\/\/www.imi.hr\/en\/djelatnik\/kljakovic-gaspic-zorana-2\/\">Zorana Kljakovi\u0107-Ga\u0161pi\u0107<\/a>, PhD, Chemical Engineer, Permanent Scientific Advisor<br><a href=\"https:\/\/www.imi.hr\/en\/djelatnik\/milicevic-ante-2\/\">Ante Mili\u010devi\u0107<\/a>, PhD, Chemist, Permanent Scientific Advisor<br><a href=\"https:\/\/www.imi.hr\/en\/djelatnik\/pizent-alica-2\/\">Alica Pizent<\/a>, PhD, Chemist, Permanent Scientific Advisor<br><a href=\"https:\/\/www.imi.hr\/en\/djelatnik\/lazarus-maja\/\">Maja Lazarus<\/a>, PhD, Food Technologist, Scientific Advisor<br><a href=\"https:\/\/www.imi.hr\/en\/djelatnik\/sabolovic-jasmina-2\/\">Jasmina Sabolovi\u0107<\/a>, PhD, Physicist, Permanent Scientific Advisor<br><a href=\"https:\/\/www.imi.hr\/en\/djelatnik\/brajenovic-natasa-2\/\">Nata\u0161a Brajenovi\u0107<\/a>, PhD, Chemist, Senior Research Associate<br><a href=\"https:\/\/www.imi.hr\/en\/djelatnik\/orct-tatjana-2\/\">Tatjana Orct<\/a>, PhD, Chemist, Senior Research Associate<br><a href=\"https:\/\/www.imi.hr\/en\/djelatnik\/ankica-sekovanic-2\/\">Ankica Sekovani\u0107<\/a>, PhD, Chemical Engineer, Research Associate<br><a href=\"https:\/\/www.imi.hr\/en\/djelatnik\/budimcic-jelena-2\/\">Jelena Peji\u0107<\/a>, Educational Chemist, Assistant-Doctoral Student<br><a href=\"https:\/\/www.imi.hr\/en\/djelatnik\/matausic-snjezana-2\/\">Snje\u017eana Matau\u0161i\u0107<\/a>, pharm. techn., Technical Associate<br><a href=\"https:\/\/www.imi.hr\/en\/djelatnik\/nekic-kresimir-2\/\">Kre\u0161imir Neki\u0107<\/a>, chem. techn., Technical Associate<\/p>\n\n\n\n<p><strong>2) Physicians, pharmacist, medical biochemists, and nurses with competencies in conducting epidemiological studies, clinical medical examinations, and biochemical laboratory analyses.<\/strong><br>Primarius <a href=\"https:\/\/www.imi.hr\/en\/djelatnik\/macan-jelena-2\/\">Jelena Macan<\/a>, PhD, Medical Doctor, Specialist in Occupational and Sports Medicine, Permanent Scientific Advisor<br>Prof. <a href=\"https:\/\/www.imi.hr\/en\/djelatnik\/cvijetic-avdagic-selma-2\/\">Selma Cvijeti\u0107 Avdagi\u0107<\/a>, PhD, Medical Doctor, Specialist in Epidemiology, Permanent Scientific Advisor<br><a href=\"https:\/\/www.imi.hr\/en\/djelatnik\/varnai-veda-marija-2\/\">Veda Marija Varnai<\/a>, PhD, Medical Doctor, Specialist in Occupational Medicine, Permanent Scientific Advisor<br><a href=\"https:\/\/www.imi.hr\/en\/djelatnik\/babic-zeljka-2\/\">\u017deljka Babi\u0107<\/a>, PhD,  Pharmacist, Research Associate<br><a href=\"https:\/\/www.imi.hr\/en\/djelatnik\/franic-zrinka-2\/\">Zrinka Frani\u0107<\/a>, PhD, Medical Doctor, Postdoctoral Fellow<br><a href=\"https:\/\/www.imi.hr\/en\/djelatnik\/marija-macan-2\/\">Marija Macan<\/a>, mag. med. lab. diag., Assistant-Doctoral Student<br><a href=\"https:\/\/www.imi.hr\/en\/djelatnik\/sakic-franka-2\/\">Franka \u0160aki\u0107<\/a>, mag.med.techn., Professional Associate in the Science System<br>Adrijana Gustovarac, mag. med. lab. diag., Senior Technician<br><a href=\"https:\/\/www.imi.hr\/en\/djelatnik\/monika-vuletic-2\/\">Monika Vuleti\u0107<\/a>, mag. med. lab. diag., Senior Technician<br><a href=\"https:\/\/www.imi.hr\/en\/djelatnik\/silvija-boskovic\/\">Silvija Bo\u0161kovi\u0107<\/a>, bacc. med. techn., Senior Technician<br><a href=\"https:\/\/www.imi.hr\/en\/djelatnik\/jagoda-mandic-2\/\">Jagoda Mandi\u0107<\/a>, Nurse, Technical Associate<\/p>\n\n\n\n<p><strong>3) Nutritionist with competencies in food research and the application of analytical laboratory methods.<\/strong><br><a href=\"https:\/\/www.imi.hr\/en\/djelatnik\/sulimanec-antonija-2\/\">Antonija Sulimanec<\/a>, PhD, Nutricionist, Research Associate<\/p>\n\n\n\n<p><strong>4) Psychologists with competencies in conducting epidemiological studies and the application of psychological diagnostic methods.<\/strong><br>Assoc. Prof. <a href=\"https:\/\/www.imi.hr\/en\/djelatnik\/adrijana-bjelajac-2\/\">Adrijana Bjelajac<\/a>, PhD, Psychologist, Psychotherapist, Senior Research Associate<br><a href=\"https:\/\/www.imi.hr\/en\/djelatnik\/patricia-tomac\/\">Patricia Tomac<\/a>, Psychologist, Assistant-Doctoral Student<\/p>\n\n\n\n<p><strong>5) Biostatistician with competencies in conducting complex biostatistical methods.<\/strong><br><a href=\"https:\/\/www.imi.hr\/en\/djelatnik\/kovacic-jelena-2\/\">Jelena Kova\u010di\u0107<\/a>, PhD, Mathematician, Research Associate<\/p>\n\n\n\n<p><strong>6) Occupational safety experts with competencies in assessing and implementing occupational safety measures.<\/strong><br><a href=\"https:\/\/www.imi.hr\/en\/djelatnik\/kujundzic-brkulj-marija\/\">Marija Kujund\u017ei\u0107<\/a>, Specialist Engineer in Occupational Safety, Professional Associate in the Science System<\/p>\n\n\n\n<h1 class=\"wp-block-heading has-text-align-center\"><strong>Partners<\/strong><\/h1>\n\n\n\n<p class=\"has-text-align-center\"><strong>Faculty of Food Technology and Biotechnology, University of Zagreb<\/strong>; Assoc. Prof. <strong>Irena Keser<\/strong>, PhD<br><strong><strong>Faculty of Food Technology and Biotechnology, University of Zagreb<\/strong><\/strong>; Assoc. Prof. <strong>Martina Bituh<\/strong>, PhD<br><strong>Faculty of Electrical Engineering and Computing, <strong><strong>University of Zagreb<\/strong><\/strong><\/strong>; Prof.&nbsp;<strong>Sini\u0161a Fajt<\/strong>, PhD<br><strong>University Hospital Sveti Duh<\/strong>,Department of Medical Laboratory Diagnostics; <strong>Adrijana Doroti\u0107<\/strong>, specialist in laboratory medicine<br><strong>School of Medicine<\/strong>,<strong> University of Zagreb<\/strong>,Department of Medical Chemistry, Biochemistry and Clinical Chemistry; Prof. <strong>Daria Pa\u0161ali\u0107<\/strong>, PhD<br><strong>University Hospital Centre<\/strong>,<strong> School of Medicine,<\/strong> <strong>University of Zagreb<\/strong>; Assoc. Prof. <strong>Lana \u0160krgati\u0107<\/strong>, MD, PhD<br><strong>Friedrich Alexander University Erlangen-N\u00fcrnberg<\/strong>, Germany, Department of Chemistry and Pharmacy; <strong>Astrid Sarapa<\/strong>, PhD student&nbsp;<strong>&nbsp; <\/strong><br><strong>Institute of Oceanography and Fisheries<\/strong>, Split, Laboratory of Fisheries Science, <strong>Vjekoslav Ti\u010dina<\/strong>, PhD <br><strong>Institute of Nature Conservation of Polish Academy of Sciences<\/strong>, Krakow, Poland, Department of Wildlife Conservation; <strong>Agnieszka Sergiel<\/strong>, PhD<strong> <\/strong>and<strong> \u0110uro Huber<\/strong>, PhD<strong>&nbsp; <\/strong><br><strong>University of Zagreb Faculty of Science<\/strong>, Department of Biology; <strong>Davor Zanella<\/strong>, PhD&nbsp;<strong>&nbsp; <\/strong><br><strong>University North<\/strong>, Koprivnica University Center, Department of Food Technology; <strong>Dunja \u0160amec<\/strong>, PhD<strong>&nbsp;&nbsp;&nbsp; <\/strong><br><strong>University of Zagreb Faculty of Agriculture<\/strong>, Department of Fisheries, Apiculture, Wildlife Management and Special Zoology; <strong>Sa\u0161a Pr\u0111un<\/strong>, PhD and <strong>Nikica \u0160prem<\/strong>, PhD&nbsp;&nbsp;&nbsp;&nbsp;&nbsp;&nbsp; &nbsp;&nbsp; &nbsp;&nbsp; &nbsp; <br><strong>University of Zagreb Faculty of Agriculture<\/strong>,Department of Animal Science and Technology; <strong>Ivan \u0160iri\u0107<\/strong>, PhD <br><strong>Association BIOM<\/strong>; <strong>Dubravko Dender<\/strong>, BSc&nbsp;<strong>&nbsp;&nbsp;&nbsp;&nbsp; <\/strong><br><strong>University of Saskatchewan<\/strong>, Saskatoon, Canada, Department of Veterinary Biomedical Sciences, Toxicology Centre; <strong>David M. Janz<\/strong>, PhD<br><strong>University of Zagreb Faculty of Veterinary Medicine<\/strong>, Veterinary Biology Unit; <strong>\u0110uro Huber<\/strong>, PhD&nbsp; &nbsp;&nbsp; <br><strong>University of Zagreb Faculty of Veterinary Medicine<\/strong>, Department of Pharmacology and Toxicology; <strong>Andreja Prevendar Crni\u0107<\/strong>, PhD and <strong>Ena Oster<\/strong>, PhD student&nbsp;&nbsp;<strong>&nbsp;&nbsp;&nbsp;&nbsp;&nbsp; <\/strong><br><strong>University of Zagreb Faculty of Veterinary Medicine<\/strong>, Department of Forensic and State Veterinary Medicine; <strong>Slaven Relji\u0107<\/strong>, PhD&nbsp;<strong>&nbsp;&nbsp;&nbsp; <\/strong><br><strong>University of Zagreb Faculty of Veterinary Medicine<\/strong>, Department for Hunting and Wild Animals;<strong> Magda Sindi\u010di\u0107<\/strong>, PhD<br><strong>Croatian Institute of Public Health,<\/strong> <strong>Zagreb<\/strong>,Food Safety Department, Divison for Metal and Metalloids; <strong>Anica Benuti\u0107<\/strong>, PhD, Head of the Division&nbsp;&nbsp;&nbsp;&nbsp;&nbsp;&nbsp;&nbsp;&nbsp; <br><strong>Faculty of Food Technology and Biotechnology<\/strong>, University of Zagreb, Laboratory for Food Chemistry and Biochemistry; Assoc. Prof. <strong>Ivana Rumora Samarin<\/strong>, PhD&nbsp;&nbsp;&nbsp;&nbsp; <br><strong>Clinical hospital Dubrava<\/strong>,Department of Endocrinology,Zagreb; <strong>Mirjana Kardum,<\/strong> MD&nbsp;&nbsp;&nbsp;&nbsp;&nbsp;&nbsp; <br><strong>Florida State University, <\/strong>USA; Prof. <strong>Jasminka Ilich<\/strong>, PhD, RDN, FACN&nbsp;&nbsp;&nbsp; <br><strong>UCD Institute of Food &amp; Health<\/strong>, School of Agriculture and Food Science, Science Centre South, University College Dublin, Dublin, Ireland; Assoc. Prof. <strong>Breige McNulty<\/strong>, PhD&nbsp;&nbsp;&nbsp;&nbsp; <br><strong>UCD Institute of Food &amp; Health<\/strong>, School of Agriculture and Food Science, Science Centre South, University College Dublin, Dublin, Ireland; <strong>Institute for Global Food Security<\/strong>, School of Biological Sciences, Queen\u2019s University of Belfast, Belfast, Northern Ireland; <strong>Anne Nugent<\/strong>, PhD<br><strong>Food and the Marine-Backweston Laboratory Complex<\/strong>, Food Chemistry Division, Department of Agriculture, Stacumny Lane, Celbridge, Co. Kildare, Ireland;<strong> Jim Garvey<\/strong>,<strong> <\/strong>Head of the Division<br><strong>Department of Health Studies, University of Zadar<\/strong>; Prof. <strong>Marijana Matek Sari\u0107<\/strong>, PhD<br><strong> Laboratory of Computational Biochemistry and Drug Design, National Institute of Chemistry, Ljubljana, Slovenija<\/strong>; prof. dr. sc. <strong>Janez Mavri<\/strong><br><strong>NMR laboratory<\/strong>, <strong>University of Pannonia, H-8200 Veszpr\u00e9m, Hungary<\/strong>; prof. dr. sc. <strong>G\u00e1bor Szalontai <\/strong><\/p>\n","protected":false},"excerpt":{"rendered":"<p>The research will be conducted by a multidisciplinary team of scientists from the Institute for medical research and occupational health; Division of Occupational and Environmental Health, including: 1) Chemists and physicist with competencies in assessing environmental pollution and human exposure through the application of biological monitoring methods, development and application of analytical methods, and in [&hellip;]<\/p>\n","protected":false},"author":11,"featured_media":0,"parent":0,"menu_order":0,"comment_status":"closed","ping_status":"closed","template":"","meta":{"footnotes":""},"class_list":["post-275","page","type-page","status-publish","hentry","entry"],"_links":{"self":[{"href":"https:\/\/projekti.imi.hr\/humenhealth\/wp-json\/wp\/v2\/pages\/275","targetHints":{"allow":["GET"]}}],"collection":[{"href":"https:\/\/projekti.imi.hr\/humenhealth\/wp-json\/wp\/v2\/pages"}],"about":[{"href":"https:\/\/projekti.imi.hr\/humenhealth\/wp-json\/wp\/v2\/types\/page"}],"author":[{"embeddable":true,"href":"https:\/\/projekti.imi.hr\/humenhealth\/wp-json\/wp\/v2\/users\/11"}],"replies":[{"embeddable":true,"href":"https:\/\/projekti.imi.hr\/humenhealth\/wp-json\/wp\/v2\/comments?post=275"}],"version-history":[{"count":32,"href":"https:\/\/projekti.imi.hr\/humenhealth\/wp-json\/wp\/v2\/pages\/275\/revisions"}],"predecessor-version":[{"id":1158,"href":"https:\/\/projekti.imi.hr\/humenhealth\/wp-json\/wp\/v2\/pages\/275\/revisions\/1158"}],"wp:attachment":[{"href":"https:\/\/projekti.imi.hr\/humenhealth\/wp-json\/wp\/v2\/media?parent=275"}],"curies":[{"name":"wp","href":"https:\/\/api.w.org\/{rel}","templated":true}]}}