{"id":62,"date":"2024-03-18T14:53:11","date_gmt":"2024-03-18T14:53:11","guid":{"rendered":"https:\/\/projekti.imi.hr\/ebdiz\/?page_id=62"},"modified":"2025-01-29T11:16:07","modified_gmt":"2025-01-29T11:16:07","slug":"mp-2","status":"publish","type":"page","link":"https:\/\/projekti.imi.hr\/ebdiz\/mp-2\/","title":{"rendered":"O projektu"},"content":{"rendered":"\t\t<div data-elementor-type=\"wp-page\" data-elementor-id=\"62\" class=\"elementor elementor-62\">\n\t\t\t\t<div class=\"elementor-element elementor-element-5456af1b e-con-full e-flex e-con e-parent\" data-id=\"5456af1b\" data-element_type=\"container\" data-e-type=\"container\">\n\t\t\t\t<div class=\"elementor-element elementor-element-14dcc567 elementor-widget elementor-widget-text-editor\" data-id=\"14dcc567\" data-element_type=\"widget\" data-e-type=\"widget\" data-widget_type=\"text-editor.default\">\n\t\t\t\t<div class=\"elementor-widget-container\">\n\t\t\t\t\t\t\t\t\t<p><\/p>\n<div class=\"wp-block-group alignfull\" style=\"padding-top:var(--wp--preset--spacing--50);padding-right:var(--wp--preset--spacing--50);padding-bottom:var(--wp--preset--spacing--50);padding-left:var(--wp--preset--spacing--50)\"><div class=\"wp-block-group__inner-container is-layout-constrained wp-container-core-group-is-layout-f4d13f5d wp-block-group-is-layout-constrained\">\n<p><\/p>\n<div class=\"wp-block-group\"><div class=\"wp-block-group__inner-container is-layout-constrained wp-container-core-group-is-layout-04692c70 wp-block-group-is-layout-constrained\">\n<p><\/p>\n<p><strong>Vrsta projekta:<\/strong><br>Znanstvenoistra\u017eiva\u010dki projekt<\/p>\n<p><\/p>\n<p><\/p>\n<p><strong>Znanstveno podru\u010dje:<\/strong><br>Interdisciplinarno (prirodne, biomedicinske, biotehni\u010dke i ra\u010dunalno-informacijske znanosti)<\/p>\n<p><\/p>\n<p><\/p>\n<p><strong>Naziv projekta:<\/strong><br>Ekolo\u0161ki, biolo\u0161ki i dozimetrijski aspekti ioniziraju\u0107eg zra\u010denja: izlo\u017eenost i za\u0161tita<\/p>\n<p><\/p>\n<p><\/p>\n<p><strong>Akronim:<\/strong><br>EBDIZ<\/p>\n<p><\/p>\n<p><\/p>\n<p><strong>Nositelj:<\/strong><br>Institut za medicinska istra\u017eivanja i medicinu rada (IMI), Ksaverska cesta 2, Zagreb<br>MB 03270475 | OIB 30285469659<br>:&nbsp;<a href=\"http:\/\/www.imi.hr\/\">www.imi.hr<\/a><\/p>\n<p><\/p>\n<p><\/p>\n<p><strong>Voditelj:<\/strong><br>dr. sc.&nbsp;<a href=\"https:\/\/www.croris.hr\/osobe\/profil\/30324\">Ana Marija Marjanovi\u0107 \u010cermak<\/a>, Zavod za za\u0161titu od zra\u010denjaa, IMI<\/p>\n<p><\/p>\n<p><\/p>\n<p><strong>Trajanje:<\/strong><br>1.1.2024. \u2013 31.12.2027.<\/p>\n<p><\/p>\n<p><\/p>\n<p><strong>Izvor financiranja:<\/strong><br>Europska unija \u2013 NextGenerationEU<br>Programski ugovor od 8. prosinca 2023.<br>KLASA: 643-02\/23-01\/00016, URBROJ: 533-03-23-0006<br><strong>Iznos potpore:&nbsp;<\/strong>341.957,00 EUR<\/p>\n<p><\/p>\n<p><\/p>\n<div style=\"height:1.25rem\" aria-hidden=\"true\" class=\"wp-block-spacer\"><\/div>\n<p><\/p>\n<p><\/p>\n<p class=\"has-text-align-center\">\n<\/p><p><\/p>\n<p><\/p>\n<div style=\"height:1.25rem\" aria-hidden=\"true\" class=\"wp-block-spacer\"><\/div>\n<p><\/p>\n<\/div><\/div>\n<p><\/p>\n<p><div class=\"wp-block-image\"><\/p>\n<figure class=\"aligncenter size-full\"><img fetchpriority=\"high\" decoding=\"async\" width=\"400\" height=\"533\" src=\"https:\/\/projekti.imi.hr\/ebdiz\/wp-content\/uploads\/sites\/2\/2024\/12\/Vretenci-teren-1.jpg\" alt=\"\" class=\"wp-image-278\" srcset=\"https:\/\/projekti.imi.hr\/ebdiz\/wp-content\/uploads\/sites\/2\/2024\/12\/Vretenci-teren-1.jpg 400w, https:\/\/projekti.imi.hr\/ebdiz\/wp-content\/uploads\/sites\/2\/2024\/12\/Vretenci-teren-1-225x300.jpg 225w\" sizes=\"(max-width: 400px) 100vw, 400px\" \/><\/figure>\n<p><\/div><\/p>\n<p><\/p>\n<div style=\"height:var(--wp--preset--spacing--30)\" aria-hidden=\"true\" class=\"wp-block-spacer\"><\/div>\n<p><\/p>\n<\/div><\/div>\n<p><\/p>\n<p><\/p>\n<div class=\"wp-block-group alignfull has-base-2-background-color has-background\" style=\"margin-top:0;margin-bottom:0;padding-top:var(--wp--preset--spacing--50);padding-right:var(--wp--preset--spacing--50);padding-bottom:var(--wp--preset--spacing--50);padding-left:var(--wp--preset--spacing--50)\"><div class=\"wp-block-group__inner-container is-layout-constrained wp-container-core-group-is-layout-2bafd31c wp-block-group-is-layout-constrained\">\n<p><\/p>\n<div class=\"wp-block-group is-vertical is-content-justification-center is-layout-flex wp-container-core-group-is-layout-7681721f wp-block-group-is-layout-flex\">\n<p><\/p>\n<h2 class=\"wp-block-heading has-text-align-center is-style-asterisk\">Cilj projekta<\/h2>\n<p><\/p>\n<p><\/p>\n<div style=\"height:0px\" aria-hidden=\"true\" class=\"wp-block-spacer wp-container-content-4f2ccadb\"><\/div>\n<p><\/p>\n<p><\/p>\n<p class=\"has-text-align-center\">Cilj je projekta nastaviti i znatno unaprijediti dosada\u0161nja institutska istra\u017eivanja razli\u010ditih aspekata utjecaja ioniziraju\u0107eg zra\u010denja na okoli\u0161 i ljudsko zdravlje. Time se osigurava trajna kompetencija u tom podru\u010dju, ne samo sa znanstvenog stajali\u0161ta &nbsp;ve\u0107 i u smislu za\u0161tite cijelog dru\u0161tva od postoje\u0107ih i potencijalnih radiolo\u0161kih ugroza. Projekt na komplementaran na\u010din objedinjuje tri najva\u017enija podru\u010dja u tim istra\u017eivanjima \u2013 radioekologiju, radiobiologiju i dozimetriju \u2013 te omogu\u0107uje sveobuhvatan pristup problematici ioniziraju\u0107eg zra\u010denja kojem su ljudi i biota izlo\u017eeni. Glavni cilj projekta su znanstvena istra\u017eivanja koja rezultiraju znanstvenim publikacijama u kompetitivnim \u010dasopisima, edukacijom osoblja s potencijalom izrade doktorskih radova i drugim vrstama diseminacije znanstvenih rezultata (npr. na znanstvenim skupovima ili kroz razli\u010dite medije). Ostali ciljevi su razvoj mjernih metoda i tehnologija u podru\u010dju detekcije ioniziraju\u0107eg zra\u010denja te popularizacijske i edukativne aktivnosti. &nbsp;&nbsp;&nbsp;&nbsp;<\/p>\n<p><\/p>\n<\/div>\n<p><\/p>\n<p><\/p>\n<div style=\"margin-top:0;margin-bottom:0;height:var(--wp--preset--spacing--40)\" aria-hidden=\"true\" class=\"wp-block-spacer\"><\/div>\n<p><\/p>\n<\/div><\/div>\n<p><\/p>\n<p><\/p>\n<div class=\"wp-block-group alignfull\" style=\"margin-top:0;margin-bottom:0;padding-top:var(--wp--preset--spacing--50);padding-right:var(--wp--preset--spacing--50);padding-bottom:var(--wp--preset--spacing--50);padding-left:var(--wp--preset--spacing--50)\"><div class=\"wp-block-group__inner-container is-layout-constrained wp-container-core-group-is-layout-9cf8f26d wp-block-group-is-layout-constrained\">\n<p><\/p>\n<div class=\"wp-block-group alignwide\"><div class=\"wp-block-group__inner-container is-layout-constrained wp-block-group-is-layout-constrained\">\n<p><\/p>\n<div class=\"wp-block-group is-vertical is-content-justification-center is-layout-flex wp-container-core-group-is-layout-a170cc76 wp-block-group-is-layout-flex\">\n<p><\/p>\n<h2 class=\"wp-block-heading has-text-align-center is-style-asterisk\">Radioekologija<\/h2>\n<p><\/p>\n<p><\/p>\n<ul class=\"wp-block-list\"><p><\/p>\n<li>Uzorkovanje bioindikatorskih organizama i elemenata hranidbenih lanaca te mjerenje aktivnosti antropogenih i prirodnih radionuklida u njima.<\/li>\n<p><\/p>\n<p><\/p>\n<li>Prou\u010davanje korelacija izmjerenih aktivnosti u spomenutim uzorcima i u anorganskim komponentama okoli\u0161a (zrak, tlo, voda) kroz omjere koncentracija.<\/li>\n<p><\/p>\n<p><\/p>\n<li>Prou\u010davanje korelacija agronomskih i ostalih metoda proizvodnje hrane s prehranom ljudi i \u017eivotinja.<\/li>\n<p><\/p>\n<\/ul>\n<p><\/p>\n<p><\/p>\n<p class=\"has-text-align-center\">.<\/p>\n<p><\/p>\n<\/div>\n<p><\/p>\n<p><\/p>\n<div style=\"height:var(--wp--preset--spacing--40)\" aria-hidden=\"true\" class=\"wp-block-spacer\"><\/div>\n<p><\/p>\n<p><\/p>\n<div class=\"wp-block-columns alignwide is-layout-flex wp-container-core-columns-is-layout-b1b80ead wp-block-columns-is-layout-flex\">\n<p><\/p>\n<div class=\"wp-block-column is-vertically-aligned-center is-layout-flow wp-block-column-is-layout-flow\" style=\"flex-basis:40%\">\n<p><\/p>\n<h3 class=\"wp-block-heading alignwide has-text-align-center is-style-asterisk\">Radiobiologija<\/h3>\n<p><\/p>\n<p><\/p>\n<p>&nbsp;&nbsp;&nbsp;&nbsp;&nbsp;&nbsp;Uspostava stani\u010dne kulture primarnih stanica izoliranih iz laboratorijskih \u017eivotinja koja \u0107e poslu\u017eiti kao in vitro model za istra\u017eivanja&nbsp;<\/p>\n<p><\/p>\n<p><\/p>\n<p>Analiza utjecaja ioniziraju\u0107eg zra\u010denja na zdravlje i metabolizam organizama uzorkovanih iz okoli\u0161<\/p>\n<p><\/p>\n<p><\/p>\n<p>Analiza odgovora primarnih stanica i stani\u010dnih linija na ioniziraju\u0107e zra\u010denje &#8211; promjene metaboli\u010dke aktivnosti, oksidacijskog statusa, dinamike citoskeleta te procesa migracije i diferencijacije stanic<\/p>\n<p><\/p>\n<p><\/p>\n<p>Uspostava znanstveno-istra\u017eiva\u010dke grupe koja \u0107e provoditi interdisciplinarna istra\u017eivanja u podru\u010dju primjena niskih doza ioniziraju\u0107eg zra\u010denja&nbsp;&nbsp;&nbsp;&nbsp;&nbsp;&nbsp;&nbsp;&nbsp;<\/p>\n<p><\/p>\n<p><\/p>\n<p><\/p>\n<\/div>\n<p><\/p>\n<p><\/p>\n<div class=\"wp-block-column is-layout-flow wp-block-column-is-layout-flow\" style=\"flex-basis:50%\"><\/div>\n<p><\/p>\n<\/div>\n<p><\/p>\n<p><\/p>\n<div style=\"height:var(--wp--preset--spacing--40)\" aria-hidden=\"true\" class=\"wp-block-spacer\"><\/div>\n<p><\/p>\n<p><\/p>\n<div class=\"wp-block-columns alignwide is-layout-flex wp-container-core-columns-is-layout-b1b80ead wp-block-columns-is-layout-flex\">\n<p><\/p>\n<div class=\"wp-block-column is-layout-flow wp-block-column-is-layout-flow\" style=\"flex-basis:50%\"><\/div>\n<p><\/p>\n<p><\/p>\n<div class=\"wp-block-column is-vertically-aligned-center is-layout-flow wp-block-column-is-layout-flow\" style=\"flex-basis:40%\">\n<p><\/p>\n<h3 class=\"wp-block-heading is-style-asterisk\">Dozimetrija<\/h3>\n<p><\/p>\n<p><\/p>\n<p class=\"MsoListParagraphCxSpFirst\" style=\"margin-bottom:0cm;margin-bottom:.0001pt;text-align:justify;line-height:normal\"><span lang=\"HR\" style=\"font-size:12.0pt;,serif\">Uvo\u0111enje i razvoj novih OSL dozimetrijskih metoda omogu\u0107iti\n\u0107e smanjivanje mjerne nepouzdanosti te smanjenje vjerojatnosti za ljudsku\npogre\u0161ku pri o\u010ditanju dozimetara jer za razliku dozimetara koji se temelje na\ntermo luminiscenciji, a na kojima po\u010divaju trenutne metode istra\u017eiva\u010dke grupe,\nOSL tehnologija omogu\u0107uje nevolatilno o\u010ditanje osjetljivih elemenata. <\/span><\/p><p class=\"MsoListParagraphCxSpMiddle\" style=\"line-height:normal\"><span lang=\"HR\" style=\"font-size:12.0pt;,serif\">&nbsp;<\/span><\/p><p class=\"MsoListParagraphCxSpMiddle\" style=\"line-height:normal\"><span lang=\"HR\" style=\"font-size:12.0pt;,serif\">OSL tehnologija \u0107e donijeti prednosti pri mjerenju impulsnih\npolja ioniziraju\u0107eg zra\u010denja (dominantnih u medicini) te pokazati bolje\nperfomance od najmodernijih komercijalno dostupnih elektroni\u010dkih dozimetara.<\/span><\/p><p class=\"MsoListParagraphCxSpLast\" style=\"line-height:normal\"><span lang=\"HR\" style=\"font-size:12.0pt;,serif\">&nbsp;<\/span><\/p><p>\n\n\n\n\n\n\n\n<span lang=\"HR\" style=\"font-size:12.0pt;line-height:107%;,serif\">Monte Carlo simulacije transporta \u010destica kroz\nmateriju omogu\u0107iti \u0107e ra\u010dunanje doze predane radiobiolo\u0161kim uzorcima uporabom\nstandardnih dijagnosti\u010dkih rendgenskih snopova<\/span><\/p>\n<p><\/p>\n<\/div>\n<p><\/p>\n<\/div>\n<p><\/p>\n<\/div><\/div>\n<p><\/p>\n<\/div><\/div>\n<p><\/p>\n<p><\/p>\n<h2 class=\"wp-block-heading alignwide has-x-large-font-size\" style=\"margin-top:0;margin-bottom:var(--wp--preset--spacing--40);line-height:1\"><\/h2>\n<p><\/p>\n<p><\/p>\n<div style=\"height:var(--wp--preset--spacing--10)\" aria-hidden=\"true\" class=\"wp-block-spacer\"><\/div>\n<p><\/p>\n<p><\/p>\n<div class=\"wp-block-group alignwide has-base-2-background-color has-background\" style=\"border-radius:16px;padding-top:var(--wp--preset--spacing--40);padding-right:var(--wp--preset--spacing--50);padding-bottom:var(--wp--preset--spacing--40);padding-left:var(--wp--preset--spacing--50)\"><div class=\"wp-block-group__inner-container is-layout-constrained wp-container-core-group-is-layout-282d97d7 wp-block-group-is-layout-constrained\"><\/div><\/div>\n<p><\/p>\n<p><\/p>\n<div class=\"wp-block-group alignfull\" style=\"margin-top:0;margin-bottom:0;padding-top:var(--wp--preset--spacing--50);padding-right:var(--wp--preset--spacing--50);padding-bottom:var(--wp--preset--spacing--50);padding-left:var(--wp--preset--spacing--50)\"><div class=\"wp-block-group__inner-container is-layout-constrained wp-container-core-group-is-layout-9cf8f26d wp-block-group-is-layout-constrained\"><\/div><\/div>\n<p><\/p>\t\t\t\t\t\t\t\t<\/div>\n\t\t\t\t<\/div>\n\t\t\t\t<\/div>\n\t\t<div class=\"elementor-element elementor-element-40392f4 e-flex e-con-boxed e-con e-parent\" data-id=\"40392f4\" data-element_type=\"container\" data-e-type=\"container\">\n\t\t\t\t\t<div class=\"e-con-inner\">\n\t\t\t\t\t<\/div>\n\t\t\t\t<\/div>\n\t\t\t\t<\/div>\n\t\t","protected":false},"excerpt":{"rendered":"<p>Vrsta projekta:Znanstvenoistra\u017eiva\u010dki projekt Znanstveno podru\u010dje:Interdisciplinarno (prirodne, biomedicinske, biotehni\u010dke i ra\u010dunalno-informacijske znanosti) Naziv projekta:Ekolo\u0161ki, biolo\u0161ki i dozimetrijski aspekti ioniziraju\u0107eg zra\u010denja: izlo\u017eenost i za\u0161tita Akronim:EBDIZ Nositelj:Institut za medicinska istra\u017eivanja i medicinu rada (IMI), Ksaverska cesta 2, ZagrebMB 03270475 | OIB 30285469659:&nbsp;www.imi.hr Voditelj:dr. sc.&nbsp;Ana Marija Marjanovi\u0107 \u010cermak, Zavod za za\u0161titu od zra\u010denjaa, IMI Trajanje:1.1.2024. \u2013 31.12.2027. Izvor financiranja:Europska &hellip;<br \/><a href=\"https:\/\/projekti.imi.hr\/ebdiz\/mp-2\/\" class=\"more-link pen_button pen_element_default pen_icon_arrow_double\">Continue reading <span class=\"screen-reader-text\">O projektu<\/span><\/a><\/p>\n","protected":false},"author":6,"featured_media":124,"parent":0,"menu_order":0,"comment_status":"closed","ping_status":"closed","template":"","meta":{"_acf_changed":false,"footnotes":""},"class_list":["post-62","page","type-page","status-publish","has-post-thumbnail","hentry"],"acf":[],"_links":{"self":[{"href":"https:\/\/projekti.imi.hr\/ebdiz\/wp-json\/wp\/v2\/pages\/62","targetHints":{"allow":["GET"]}}],"collection":[{"href":"https:\/\/projekti.imi.hr\/ebdiz\/wp-json\/wp\/v2\/pages"}],"about":[{"href":"https:\/\/projekti.imi.hr\/ebdiz\/wp-json\/wp\/v2\/types\/page"}],"author":[{"embeddable":true,"href":"https:\/\/projekti.imi.hr\/ebdiz\/wp-json\/wp\/v2\/users\/6"}],"replies":[{"embeddable":true,"href":"https:\/\/projekti.imi.hr\/ebdiz\/wp-json\/wp\/v2\/comments?post=62"}],"version-history":[{"count":25,"href":"https:\/\/projekti.imi.hr\/ebdiz\/wp-json\/wp\/v2\/pages\/62\/revisions"}],"predecessor-version":[{"id":421,"href":"https:\/\/projekti.imi.hr\/ebdiz\/wp-json\/wp\/v2\/pages\/62\/revisions\/421"}],"wp:featuredmedia":[{"embeddable":true,"href":"https:\/\/projekti.imi.hr\/ebdiz\/wp-json\/wp\/v2\/media\/124"}],"wp:attachment":[{"href":"https:\/\/projekti.imi.hr\/ebdiz\/wp-json\/wp\/v2\/media?parent=62"}],"curies":[{"name":"wp","href":"https:\/\/api.w.org\/{rel}","templated":true}]}}