{"id":350,"date":"2024-12-11T09:58:49","date_gmt":"2024-12-11T09:58:49","guid":{"rendered":"https:\/\/projekti.imi.hr\/ebdiz\/?page_id=350"},"modified":"2024-12-11T09:58:50","modified_gmt":"2024-12-11T09:58:50","slug":"contact","status":"publish","type":"page","link":"https:\/\/projekti.imi.hr\/ebdiz\/en\/contact\/","title":{"rendered":"Contact"},"content":{"rendered":"\n<p>Team Leader<br>dr. sc. Ana Marija Marjanovi\u0107 \u010cermak, Radiation protection Division, IMI<br><img decoding=\"async\" width=\"150\" height=\"150\" class=\"wp-image-135\" style=\"width: 25px\" src=\"http:\/\/projekti.imi.hr\/ebdiz\/wp-content\/uploads\/sites\/2\/2024\/09\/phone.gif\" alt=\"\"> : amarjanovic@imi.hr<br><img decoding=\"async\" width=\"148\" height=\"104\" class=\"wp-image-134\" style=\"width: 25px\" src=\"http:\/\/projekti.imi.hr\/ebdiz\/wp-content\/uploads\/sites\/2\/2024\/09\/mail.gif\" alt=\"\">: +385 (1) 4682 576<\/p>\n\n\n\n\n\n<p>Address:<br>Institut za medicinska istra\u017eivanja i medicinu rada (IMI)<br>: Ksaverska cesta 2, 10000 Zagreb<br><img decoding=\"async\" style=\"width: 25px\" src=\"http:\/\/projekti.imi.hr\/ebdiz\/wp-content\/uploads\/sites\/2\/2024\/09\/phone.gif\"> : +385 (1) 4682 500<br><img decoding=\"async\" width=\"150\" height=\"150\" class=\"wp-image-136\" style=\"width: 25px\" src=\"http:\/\/projekti.imi.hr\/ebdiz\/wp-content\/uploads\/sites\/2\/2024\/09\/web.gif\" alt=\"\">: www.imi.hr<\/p>\n","protected":false},"excerpt":{"rendered":"<p>Team Leaderdr. sc. Ana Marija Marjanovi\u0107 \u010cermak, Radiation protection Division, IMI : amarjanovic@imi.hr: +385 (1) 4682 576 Address:Institut za medicinska istra\u017eivanja i medicinu rada (IMI): Ksaverska cesta 2, 10000 Zagreb : +385 (1) 4682 500: www.imi.hr<\/p>\n","protected":false},"author":6,"featured_media":0,"parent":0,"menu_order":0,"comment_status":"closed","ping_status":"closed","template":"","meta":{"_acf_changed":false,"footnotes":""},"class_list":["post-350","page","type-page","status-publish","hentry"],"acf":[],"_links":{"self":[{"href":"https:\/\/projekti.imi.hr\/ebdiz\/wp-json\/wp\/v2\/pages\/350","targetHints":{"allow":["GET"]}}],"collection":[{"href":"https:\/\/projekti.imi.hr\/ebdiz\/wp-json\/wp\/v2\/pages"}],"about":[{"href":"https:\/\/projekti.imi.hr\/ebdiz\/wp-json\/wp\/v2\/types\/page"}],"author":[{"embeddable":true,"href":"https:\/\/projekti.imi.hr\/ebdiz\/wp-json\/wp\/v2\/users\/6"}],"replies":[{"embeddable":true,"href":"https:\/\/projekti.imi.hr\/ebdiz\/wp-json\/wp\/v2\/comments?post=350"}],"version-history":[{"count":1,"href":"https:\/\/projekti.imi.hr\/ebdiz\/wp-json\/wp\/v2\/pages\/350\/revisions"}],"predecessor-version":[{"id":351,"href":"https:\/\/projekti.imi.hr\/ebdiz\/wp-json\/wp\/v2\/pages\/350\/revisions\/351"}],"wp:attachment":[{"href":"https:\/\/projekti.imi.hr\/ebdiz\/wp-json\/wp\/v2\/media?parent=350"}],"curies":[{"name":"wp","href":"https:\/\/api.w.org\/{rel}","templated":true}]}}